{"id":455,"date":"2018-10-10T20:43:12","date_gmt":"2018-10-10T20:43:12","guid":{"rendered":"http:\/\/www.tin-hinane.org\/?page_id=455"},"modified":"2018-10-10T21:16:52","modified_gmt":"2018-10-10T21:16:52","slug":"quelques-activites-du-domaine-de-la-protection-des-refugies","status":"publish","type":"page","link":"http:\/\/www.tin-hinane.org\/index.php\/humanitaire\/droits-humains-2\/protection-refugies-deplaces\/quelques-activites-du-domaine-de-la-protection-des-refugies\/","title":{"rendered":"Quelques activit\u00e9s du domaine de la protection des r\u00e9fugi\u00e9s"},"content":{"rendered":"<p>2012 : Appui de Tin Hinane dans le cadre de la phase 2 enregistrement lin\u00e9aire des refugies maliens : sensibilisation et relocalisation<br \/>\nConsolidation de la sensibilisation et de l\u2019information par une repr\u00e9sentation th\u00e9\u00e2trale de la troupe de th\u00e9\u00e2tre de Tin Hinane sur chaque site.<\/p>\n<p>\u2022 R\u00e9sultat : Information et sensibilisation des populations r\u00e9fugi\u00e9es sur les sites de Gandafabou, Ferrerio, Gountour\u00e9 Gn\u00e9gn\u00e9, Dibissy et D\u00e9ou, Ouagadougou et Bobo-Dioulasso sur l\u2019enregistrement niveau 2<br \/>\n\u2022 Identification des personnes ressources, des relais communautaires et des interpr\u00e8tes dont les noms seront remis au HCR<br \/>\n\u2022 Mise \u00e0 la disposition du HCR d\u2019un certain nombre d\u2019interpr\u00e8tes et d\u2019agents sensibilisateurs durant l\u2019op\u00e9ration d\u2019enregistrement niveau 2.<\/p>\n<p>Partenaire financier HCR ; partenaires technique : CONAREF et toute les organisations membre de la coordination humanitaire.<\/p>\n<p>Site de r\u00e9fugi\u00e9s de la province de l\u2019Oudalan et le Soum (R\u00e9gion du Sahel), Ouagadougou, Bobo-Dioulasso, Burkina Faso<\/p>\n<p>2016 : \u2022 Le projet \u00ab protection solutions mixtes en faveur des r\u00e9fugi\u00e9s maliens: Sensibilisations communautaires \u00bb \u00a0 Il s\u2019inscrit en droite ligne avec les besoins d\u2019assistance et de d\u00e9veloppement communautaire apport\u00e9 aux r\u00e9fugi\u00e9s et aux demandeurs d\u2019asile au Burkina Faso notamment les r\u00e9fugi\u00e9s maliens. L\u2019Association Tin-Hinane (ATH) et le HCR ont poursuivi leur partenariat dans le cadre d\u2019une vaste enqu\u00eate socio-\u00e9conomique des m\u00e9nages des refugi\u00e9s maliens des camps de Mentao, Goud\u00e9bo et hors camps du Sahel burkinab\u00e8 pour mieux orienter les programmes de d\u00e9veloppement et l\u2019autonomisation des refugi\u00e9s.<br \/>\nAussi, des activit\u00e9s connexes sont \u00e9galement mises en \u0153uvre dans le cadre de ce partenariat notamment la sensibilisation et l\u2019information dans le cadre de la protection des r\u00e9fugi\u00e9s, la traduction des documents dans les langues locales.<\/p>\n","protected":false},"excerpt":{"rendered":"<p>2012 : Appui de Tin Hinane dans le cadre de la phase 2 enregistrement lin\u00e9aire des refugies maliens : sensibilisation et relocalisation Consolidation de la sensibilisation et de l\u2019information par une repr\u00e9sentation th\u00e9\u00e2trale de la troupe de th\u00e9\u00e2tre de Tin<\/p>\n","protected":false},"author":4,"featured_media":0,"parent":449,"menu_order":0,"comment_status":"closed","ping_status":"closed","template":"","meta":{"footnotes":""},"class_list":["post-455","page","type-page","status-publish","hentry"],"_links":{"self":[{"href":"http:\/\/www.tin-hinane.org\/index.php\/wp-json\/wp\/v2\/pages\/455","targetHints":{"allow":["GET"]}}],"collection":[{"href":"http:\/\/www.tin-hinane.org\/index.php\/wp-json\/wp\/v2\/pages"}],"about":[{"href":"http:\/\/www.tin-hinane.org\/index.php\/wp-json\/wp\/v2\/types\/page"}],"author":[{"embeddable":true,"href":"http:\/\/www.tin-hinane.org\/index.php\/wp-json\/wp\/v2\/users\/4"}],"replies":[{"embeddable":true,"href":"http:\/\/www.tin-hinane.org\/index.php\/wp-json\/wp\/v2\/comments?post=455"}],"version-history":[{"count":3,"href":"http:\/\/www.tin-hinane.org\/index.php\/wp-json\/wp\/v2\/pages\/455\/revisions"}],"predecessor-version":[{"id":462,"href":"http:\/\/www.tin-hinane.org\/index.php\/wp-json\/wp\/v2\/pages\/455\/revisions\/462"}],"up":[{"embeddable":true,"href":"http:\/\/www.tin-hinane.org\/index.php\/wp-json\/wp\/v2\/pages\/449"}],"wp:attachment":[{"href":"http:\/\/www.tin-hinane.org\/index.php\/wp-json\/wp\/v2\/media?parent=455"}],"curies":[{"name":"wp","href":"https:\/\/api.w.org\/{rel}","templated":true}]}}

Quelques activités du domaine de la protection des réfugiés

<p>2012 : Appui de Tin Hinane dans le cadre de la phase 2 enregistrement linéaire des refugies maliens : sensibilisation et relocalisation<br />
Consolidation de la sensibilisation et de l’information par une représentation théâtrale de la troupe de théâtre de Tin Hinane sur chaque site.</p>
<p>• Résultat : Information et sensibilisation des populations réfugiées sur les sites de Gandafabou, Ferrerio, Gountouré Gnégné, Dibissy et Déou, Ouagadougou et Bobo-Dioulasso sur l’enregistrement niveau 2<br />
• Identification des personnes ressources, des relais communautaires et des interprètes dont les noms seront remis au HCR<br />
• Mise à la disposition du HCR d’un certain nombre d’interprètes et d’agents sensibilisateurs durant l’opération d’enregistrement niveau 2.</p>
<p>Partenaire financier HCR ; partenaires technique : CONAREF et toute les organisations membre de la coordination humanitaire.</p>
<p>Site de réfugiés de la province de l’Oudalan et le Soum (Région du Sahel), Ouagadougou, Bobo-Dioulasso, Burkina Faso</p>
<p>2016 : • Le projet « protection solutions mixtes en faveur des réfugiés maliens: Sensibilisations communautaires »   Il s’inscrit en droite ligne avec les besoins d’assistance et de développement communautaire apporté aux réfugiés et aux demandeurs d’asile au Burkina Faso notamment les réfugiés maliens. L’Association Tin-Hinane (ATH) et le HCR ont poursuivi leur partenariat dans le cadre d’une vaste enquête socio-économique des ménages des refugiés maliens des camps de Mentao, Goudébo et hors camps du Sahel burkinabè pour mieux orienter les programmes de développement et l’autonomisation des refugiés.<br />
Aussi, des activités connexes sont également mises en œuvre dans le cadre de ce partenariat notamment la sensibilisation et l’information dans le cadre de la protection des réfugiés, la traduction des documents dans les langues locales.</p>

<p>2012 : Appui de Tin Hinane dans le cadre de la phase 2 enregistrement linéaire des refugies maliens : sensibilisation et relocalisation Consolidation de la sensibilisation et de l’information par une représentation théâtrale de la troupe de théâtre de Tin</p>
