{"id":393,"date":"2018-10-09T12:22:45","date_gmt":"2018-10-09T12:22:45","guid":{"rendered":"http:\/\/www.tin-hinane.org\/?page_id=393"},"modified":"2018-10-09T12:24:47","modified_gmt":"2018-10-09T12:24:47","slug":"genre","status":"publish","type":"page","link":"http:\/\/www.tin-hinane.org\/index.php\/genre\/","title":{"rendered":"Genre"},"content":{"rendered":"<p>Renforcement de capacit\u00e9s\u00a0:<\/p>\n<p>Femmes\u00a0:<\/p>\n<p><strong>2006\u00a0: Renforcement des capacit\u00e9s institutionnelles et organisationnelles des membres du bureau de Tin Hinan Mali avec l\u2019appui financier d\u2019Helvetas Mali<\/strong><\/p>\n<p><strong>R\u00e9sultats\u00a0: <\/strong>5 membres du bureau ont \u00e9t\u00e9 form\u00e9s en \u00e9laboration, gestion, planification et suivi des projets. La permanente au bureau de coordination de Bamako a en plus b\u00e9n\u00e9fici\u00e9 de formation en secr\u00e9tariat. Les 5 membres form\u00e9es ont d\u00e9multipli\u00e9 les connaissances et comp\u00e9tences acquises au niveau des r\u00e9gions.<\/p>\n<p><strong>2004<\/strong>\u00a0: Cours de dynamisation des Membres de l\u2019OAFA (Organisation des Femmes Autochtones d\u2019Afrique) et organisation de son\u00a0 Assembl\u00e9e G\u00e9n\u00e9rale au profit des organisations autochtones et minorit\u00e9s venant d\u2019Afrique australe, Afrique de l\u2019Est, Afrique de l\u2019Ouest, Afrique du Nord, R\u00e9gion des Grands Lacs, sahel.<\/p>\n<p>30 femmes autochtones y compris des jeunes venus de toutes les r\u00e9gions d\u2019Afrique ont b\u00e9n\u00e9fici\u00e9 de formation en droit, communication, renforcement de leurs organisations, r\u00e9seautage<\/p>\n<p>Partenaires\u00a0: Nabour\/dialogue indig\u00e8ne et NCIV<\/p>\n<p>Formation de 30\u00a0 membres\u00a0 de la r\u00e9gion de Kidal en Droits en droits humains<\/p>\n<p>Humains (Droits de la femme, de l\u2019enfant, droits des Peuples autochtones, instruments juridiques nationaux et internationaux etc.), technique d\u2019animation des groupements, r\u00e9solutions des conflits etc.<\/p>\n<p>Partenaires\u00a0: ACORD Kidal en Droit Humains,<\/p>\n<p>&nbsp;<\/p>\n<p>Renforcement de capacit\u00e9s\u00a0:<\/p>\n<p>Autonomisation<\/p>\n<p>Jeunes\u00a0:<\/p>\n<p>L\u2019association Tin Hinane \u00e0 \u00e9t\u00e9 fond\u00e9 par une majorit\u00e9 de jeune femmes.<\/p>\n<p>Ainsi les jeunes et les femmes representent au moin les 2\/3 dans chaque activit\u00e9s men\u00e9es par Tin Hinane.<\/p>\n<p>La coordinatrice de l\u2019association Tin Hinane, Sahel a repr\u00e9sent\u00e9 les jeunes autochtones lors de l\u2019ouverture officielle de l\u2019Instences permanente des Nations unies sur les peuples autochtones \u00e0 sa cr\u00e9ation en 2002.<\/p>\n<p>Par la suite plusieurs membres jeunes de l\u2019association ont particip\u00e9 aux sessions du m\u00e9canisme d\u2019experts des nations unies sur les peuples autochtones et l\u2019Instance Permanente des Nations Unies sur les Questions Autochtones.<\/p>\n<p>De 2013 \u00e0 nos jours une jeune membre de Tin Hinane, Mariam Walet Aboubakrine est experte membre de l\u2019Instance Permanente des Nations Unies sur les Questions Autochtones. Elle a eu l\u2019honneur de 2017 \u00e0 2018 d\u2019\u00eatre nomm\u00e9e pr\u00e9sidente de cette Instance des Nations Unies.<\/p>\n<p>Enfants\u00a0:<\/p>\n<p>Handicap\u00e9s\u00a0:<\/p>\n<p>Autres groupes vuln\u00e9rables\u00a0:<\/p>\n","protected":false},"excerpt":{"rendered":"<p>Renforcement de capacit\u00e9s\u00a0: Femmes\u00a0: 2006\u00a0: Renforcement des capacit\u00e9s institutionnelles et organisationnelles des membres du bureau de Tin Hinan Mali avec l\u2019appui financier d\u2019Helvetas Mali R\u00e9sultats\u00a0: 5 membres du bureau ont \u00e9t\u00e9 form\u00e9s en \u00e9laboration, gestion, planification et suivi des projets.<\/p>\n","protected":false},"author":3,"featured_media":0,"parent":0,"menu_order":0,"comment_status":"closed","ping_status":"closed","template":"","meta":{"footnotes":""},"class_list":["post-393","page","type-page","status-publish","hentry"],"_links":{"self":[{"href":"http:\/\/www.tin-hinane.org\/index.php\/wp-json\/wp\/v2\/pages\/393","targetHints":{"allow":["GET"]}}],"collection":[{"href":"http:\/\/www.tin-hinane.org\/index.php\/wp-json\/wp\/v2\/pages"}],"about":[{"href":"http:\/\/www.tin-hinane.org\/index.php\/wp-json\/wp\/v2\/types\/page"}],"author":[{"embeddable":true,"href":"http:\/\/www.tin-hinane.org\/index.php\/wp-json\/wp\/v2\/users\/3"}],"replies":[{"embeddable":true,"href":"http:\/\/www.tin-hinane.org\/index.php\/wp-json\/wp\/v2\/comments?post=393"}],"version-history":[{"count":1,"href":"http:\/\/www.tin-hinane.org\/index.php\/wp-json\/wp\/v2\/pages\/393\/revisions"}],"predecessor-version":[{"id":395,"href":"http:\/\/www.tin-hinane.org\/index.php\/wp-json\/wp\/v2\/pages\/393\/revisions\/395"}],"wp:attachment":[{"href":"http:\/\/www.tin-hinane.org\/index.php\/wp-json\/wp\/v2\/media?parent=393"}],"curies":[{"name":"wp","href":"https:\/\/api.w.org\/{rel}","templated":true}]}}

<p>Renforcement de capacités :</p>
<p>Femmes :</p>
<p><strong>2006 : Renforcement des capacités institutionnelles et organisationnelles des membres du bureau de Tin Hinan Mali avec l’appui financier d’Helvetas Mali</strong></p>
<p><strong>Résultats : </strong>5 membres du bureau ont été formés en élaboration, gestion, planification et suivi des projets. La permanente au bureau de coordination de Bamako a en plus bénéficié de formation en secrétariat. Les 5 membres formées ont démultiplié les connaissances et compétences acquises au niveau des régions.</p>
<p><strong>2004</strong> : Cours de dynamisation des Membres de l’OAFA (Organisation des Femmes Autochtones d’Afrique) et organisation de son  Assemblée Générale au profit des organisations autochtones et minorités venant d’Afrique australe, Afrique de l’Est, Afrique de l’Ouest, Afrique du Nord, Région des Grands Lacs, sahel.</p>
<p>30 femmes autochtones y compris des jeunes venus de toutes les régions d’Afrique ont bénéficié de formation en droit, communication, renforcement de leurs organisations, réseautage</p>
<p>Partenaires : Nabour/dialogue indigène et NCIV</p>
<p>Formation de 30  membres  de la région de Kidal en Droits en droits humains</p>
<p>Humains (Droits de la femme, de l’enfant, droits des Peuples autochtones, instruments juridiques nationaux et internationaux etc.), technique d’animation des groupements, résolutions des conflits etc.</p>
<p>Partenaires : ACORD Kidal en Droit Humains,</p>
<p>&nbsp;</p>
<p>Renforcement de capacités :</p>
<p>Autonomisation</p>
<p>Jeunes :</p>
<p>L’association Tin Hinane à été fondé par une majorité de jeune femmes.</p>
<p>Ainsi les jeunes et les femmes representent au moin les 2/3 dans chaque activités menées par Tin Hinane.</p>
<p>La coordinatrice de l’association Tin Hinane, Sahel a représenté les jeunes autochtones lors de l’ouverture officielle de l’Instences permanente des Nations unies sur les peuples autochtones à sa création en 2002.</p>
<p>Par la suite plusieurs membres jeunes de l’association ont participé aux sessions du mécanisme d’experts des nations unies sur les peuples autochtones et l’Instance Permanente des Nations Unies sur les Questions Autochtones.</p>
<p>De 2013 à nos jours une jeune membre de Tin Hinane, Mariam Walet Aboubakrine est experte membre de l’Instance Permanente des Nations Unies sur les Questions Autochtones. Elle a eu l’honneur de 2017 à 2018 d’être nommée présidente de cette Instance des Nations Unies.</p>
<p>Enfants :</p>
<p>Handicapés :</p>
<p>Autres groupes vulnérables :</p>

<p>Renforcement de capacités : Femmes : 2006 : Renforcement des capacités institutionnelles et organisationnelles des membres du bureau de Tin Hinan Mali avec l’appui financier d’Helvetas Mali Résultats : 5 membres du bureau ont été formés en élaboration, gestion, planification et suivi des projets.</p>
